 3*s = -46. Suppose 0 = 5*g - 4*g. Suppose 6*l - 3*l + 2*n = 280, 3*l - n - 274 = g. What is the highest common divisor of l and s?
23
Let p(f) = f**3 - 7*f**2 - 5*f - 11. Suppose -6*k = -0*k - 18. Suppose -o - 16 = -k*o. Let b be p(o). Calculate the greatest common divisor of b and 143.
13
Suppose -8*r + 8 = -12*r. Let b be 10 - (r - -4 - 5). Calculate the highest common factor of 65 and b.
13
Let h = -91 + 93. Suppose b = x - h*b - 97, 4*b - 252 = -3*x. What is the highest common factor of x and 22?
22
Suppose 4*z + 513 + 343 = 3*q, 3*q = 5*z + 854. Suppose 8*n - 4*n = q. Calculate the greatest common factor of n and 18.
18
Let x be 1 + -3 + (-2 - -4). Suppose -a - s - 3 = x, 0*s = -5*a + 3*s + 25. Let d be 6/12 - (-7)/a. Calculate the highest common divisor of 36 and d.
4
Let b(s) = -198*s**3 + 3*s**2 - 4*s - 14. Let o be b(-2). What is the greatest common factor of o and 60?
30
Let s be (-6)/8*(2 - 46). Let p be (-5122)/(-117) + (-2)/(-9). What is the highest common divisor of s and p?
11
Let p = -346 + 203. Let d = p - -217. Let w = d - 52. What is the greatest common factor of w and 2?
2
Let o = 1293 - 1208. What is the greatest common factor of 272 and o?
17
Suppose 0 = -r - 5*z + 16, -z - 87 = -r - r. Calculate the greatest common factor of r and 205.
41
Suppose -9*c = -10*c - 1, 3*l - 624 = 3*c. Calculate the highest common factor of l and 69.
69
Let f(t) = -6*t - 36. Let s be f(-26). What is the highest common factor of s and 15?
15
Let b = 76 + -76. Suppose 11*p - 13*p + 112 = b. Suppose 2*y = 25 + 3. What is the greatest common divisor of p and y?
14
Let h be ((-93)/9 - 1)/(4/(-6)). Let s = h - 9. Let p be 0 - -25 - (-4)/(-4). Calculate the greatest common factor of p and s.
8
Let y = -62 + 86. Suppose -y = -6*z - 0*z. Calculate the greatest common factor of 28 and z.
4
Let y = 15 - 4. Let i(m) be the second derivative of m**4/12 - 4*m**3/3 + m**2/2 + 16*m. Let g be i(y). Calculate the greatest common factor of g and 85.
17
Suppose -10*s - 12 + 32 = 0. Let x be (-920)/15*(-30)/40. What is the highest common divisor of x and s?
2
Let o be -4 - 10/(-5) - -4. Let g be 1*(-2 + o - -682). What is the greatest common divisor of 62 and g?
62
Let m be (-121)/(-1) - (1 - -1). Suppose -1645*n - 595 = -1680*n. Calculate the greatest common factor of n and m.
17
Let z = 81 - -29. Let g be ((-62)/5)/((-22)/z). Calculate the greatest common factor of 155 and g.
31
Let n be (-243)/(-3)*1/3. Let p = 66 + -48. What is the greatest common factor of n and p?
9
Suppose 27*u - 23*u + 32 = 0. Let a be (-2)/4 - 1276/u. What is the highest common factor of 53 and a?
53
Let o be (-3)/6*-2*187. Let y = -37 + 46. Suppose m - 8 - y = 0. Calculate the highest common factor of m and o.
17
Suppose 2*m + 4*l - 46 = 0, -127 = -4*m + 3*l - 13. What is the greatest common factor of m and 72?
9
Let q(f) = -f**3 - f**2 - f + 17. Let z be q(0). Suppose -2*d + 2172 = 2*d. Let p = d - 356. What is the greatest common divisor of p and z?
17
Suppose -2*b = 4 - 0. Let t be -2*b*(-36)/(-16). Calculate the highest common divisor of t and 27.
9
Let k be 1 + 0 + (8 - 15 - -946). What is the highest common factor of 40 and k?
20
Suppose -h = 2*x + 2*h - 778, 5*h = 4*x - 1578. Calculate the greatest common divisor of x and 224.
56
Let n = -585 + 617. What is the highest common divisor of 192 and n?
32
Let c = -1346 + 1866. What is the highest common divisor of c and 312?
104
Let c(q) = q**3 - 4*q**2 - 6*q + 15. Let r be c(6). What is the highest common factor of r and 459?
51
Let z = -237 + 266. Suppose -26 = -r - 2*q, -3*r + 3 = 4*q - 83. Suppose 3*k - z = r. What is the greatest common factor of k and 84?
21
Let w(y) = -2*y**3 + 12*y**2 + 5*y + 3. Let c be w(6). Suppose -c = -g - 3*h, -h + 1 = -0. Calculate the highest common factor of g and 40.
10
Suppose 5*d - 39 = -14, 1590 = 5*x + 3*d. Calculate the highest common divisor of 180 and x.
45
Suppose -3*k = 5*q - 98, 75 = 3*q - k + 5. Calculate the highest common divisor of 44 and q.
22
Let o(k) = -94*k**3 + 2*k**2 + k. Let i be o(-1). Suppose -4*q - 3*q = -266. Calculate the greatest common factor of q and i.
19
Suppose -3*n + 20 = 2*j - 136, 217 = 3*j - 4*n. Let m be (4/(-3))/((-1)/3). Suppose 0 = -m*c + 60. Calculate the greatest common factor of c and j.
15
Suppose -22*a - 3701 = -10037. What is the greatest common factor of a and 216?
72
Suppose -2*n = -157 + 59. Let o = 70 - n. Calculate the highest common divisor of o and 3.
3
Let o(k) = k**2 + k - 71. Let b be o(12). Calculate the highest common divisor of 34 and b.
17
Let c(q) = 888*q**2 + 3*q + 3. Let d be c(-1). Let v = d + -448. What is the highest common divisor of v and 40?
40
Let z = 885 - 869. What is the greatest common divisor of z and 188?
4
Let o = 808 + -98. What is the highest common divisor of 20 and o?
10
Suppose -7*z + 44 = 3*v + 13, -5*v - 5*z + 45 = 0. What is the highest common factor of 34 and v?
2
Suppose s - 114 = k, 0 = 2*s - 2*k - k - 224. Let h = s - 28. Let a be ((-64)/(-10))/(6/h). What is the highest common divisor of a and 12?
12
Let d be 144 + 5/((-30)/36). Calculate the greatest common factor of d and 12.
6
Let i be 12/32*2*92 - -2. Suppose 3*z - 139 = i. Suppose b - 112 = -3*b. What is the greatest common divisor of z and b?
14
Let z = 20 - 10. Suppose k - 149 = -5*x - 0*k, -3*x + 88 = 2*k. What is the greatest common factor of x and z?
10
Suppose 34 = -7*q + 244. Calculate the highest common factor of 240 and q.
30
Suppose s = -3*s + 60. Suppose -3*z - 255 + 390 = 0. What is the highest common divisor of z and s?
15
Let x = 54 - 38. Suppose x*s - 48 = 15*s. Calculate the highest common factor of 12 and s.
12
Let t be (-1)/(-2) + 2035/10. What is the greatest common divisor of 24 and t?
12
Suppose 9*y = -7 + 43. Suppose w = -a + 46, 0 = -y*a - 2*w + 5*w + 212. What is the highest common factor of a and 20?
10
Let d be 798760/2755 - (-1 + 54/58). Calculate the highest common divisor of 40 and d.
10
Let a = 303 - 281. Calculate the highest common divisor of 46 and a.
2
Let q(x) = x. Let l be q(5). Suppose -3*g - 19 + 124 = -4*h, -175 = -l*g - 2*h. Calculate the greatest common factor of 175 and g.
35
Let g(q) = -6*q + 84. Let v be g(4). Calculate the highest common divisor of 25 and v.
5
Let n(v) = v**3 + 22*v**2 + 12 - 11*v**2 + 3. Let b be n(-11). Calculate the greatest common divisor of b and 6.
3
Suppose 0 = 3*n - 8*n - 120. Let p be (-2)/(8/140)*n/7. Calculate the greatest common divisor of p and 48.
24
Let z(j) = -j + 16. Let i be z(8). Let b = 3 - 1. Suppose 2*n = -b*n + 32. What is the greatest common divisor of n and i?
8
Let z be 938/28 + 1/(-2). Calculate the highest common factor of z and 297.
33
Let f = -71 + 76. Suppose -f*y + 480 + 779 = 3*p, -2*p + 1008 = 4*y. Calculate the highest common factor of y and 23.
23
Suppose 0 = 3*d - 6. Suppose 3*g - 37 + 7 = -d*p, -45 = -3*p + 3*g. Calculate the highest common divisor of p and 3.
3
Suppose 8*v - 3*v + 4*y = 1508, -5*y - 623 = -2*v. Calculate the greatest common divisor of v and 16.
16
Let v(s) = 28*s**2 - 2*s - 4. Let r be v(2). What is the highest common factor of 260 and r?
52
Suppose -16 = 3*n - 4*g, -3*n + 2*n = -5*g + 9. Let v be -20*((-1 - -4) + n). Calculate the greatest common factor of 180 and v.
20
Let y(j) = -28*j - 229. Let h be y(-13). Calculate the highest common divisor of 54 and h.
27
Let w be (-1)/(14/200) - 30/(-105). Let y be 4/w + ((-1492)/(-28) - 1). Calculate the greatest common divisor of 130 and y.
26
Suppose -i - 4*o - 5 = -6, -2*i + 2*o = 8. Let k(f) = f**3 + 4*f**2 - 7. Let q be k(i). What is the greatest common factor of q and 16?
2
Suppose -286 = -5*v + l, -4*v = l + l - 226. What is the greatest common factor of v and 38?
19
Suppose 3*j - 17 = -2*v, -5*v - 151*j + 33 = -153*j. Calculate the highest common divisor of v and 3.
1
Let y(p) = -25*p + 177. Let o be y(7). Suppose g + 1 + 3 = z, 2*g = 4*z - 10. What is the greatest common divisor of o and z?
1
Let l = -195 - -198. Suppose 0 = -m - 2*m - 9. Let y(q) = -2*q - 3. Let i be y(m). What is the highest common divisor of l and i?
3
Let r = 1165 + -1013. What is the greatest common factor of r and 418?
38
Let r(p) = p**3 - 2*p - 8. Let h be r(6). Let k = h - 114. Suppose 2*s + 2*f = k, -2*s + 4